{"id":360,"date":"2020-08-20T13:13:50","date_gmt":"2020-08-20T13:13:50","guid":{"rendered":"https:\/\/mantenimientoslaorquidea.com\/?page_id=360"},"modified":"2023-02-20T22:33:19","modified_gmt":"2023-02-20T22:33:19","slug":"projects","status":"publish","type":"page","link":"https:\/\/mantenimientoslaorquidea.com\/?page_id=360","title":{"rendered":"Misi\u00f3n"},"content":{"rendered":"\n<p class=\"has-text-align-center\"><em><strong>Mantenimientos la Orqu\u00eddea SAS tiene como misi\u00f3n prestar servicios de excelente calidad en tala de \u00e1rboles, extracci\u00f3n de ra\u00edces, disposici\u00f3n final de Material Vegetal, poda de \u00e1rboles, bloqueo y traslados de \u00c1rboles, paisajismo (jardiner\u00eda y empradizaci\u00f3n) Siembra y mantenimientos de \u00c1rboles y suministro de material vegetal, insumos y materiales;&nbsp;para la ejecuci\u00f3n de proyectos de infraestructura y ambientales, as\u00ed como garantizar el desarrollo, bienestar, seguridad, y estabilidad laboral de nuestros trabajadores, como el manejo sostenible con el medio ambiente.<\/strong><\/em><\/p>\n\n\n\n<div class=\"wp-block-uagb-container uagb-block-c1104f13 alignfull uagb-is-root-container\">\n<div class=\"wp-block-uagb-image uagb-block-f29c24a4 wp-block-uagb-image--layout-default wp-block-uagb-image--effect-static wp-block-uagb-image--align-none\"><figure class=\"wp-block-uagb-image__figure\"><img decoding=\"async\" srcset=\"https:\/\/mantenimientoslaorquidea.com\/wp-content\/uploads\/2020\/08\/projects-09.jpg , https:\/\/mantenimientoslaorquidea.com\/wp-content\/uploads\/2020\/08\/projects-09.jpg 360w\" src=\"https:\/\/mantenimientoslaorquidea.com\/wp-content\/uploads\/2020\/08\/projects-09.jpg\" alt=\"\" class=\"uag-image-11\" width=\"\" height=\"\" title=\"\" loading=\"lazy\"\/><\/figure><\/div>\n\n\n\n<div class=\"wp-block-uagb-image uagb-block-52f80195 wp-block-uagb-image--layout-default wp-block-uagb-image--effect-static wp-block-uagb-image--align-none\"><figure class=\"wp-block-uagb-image__figure\"><img decoding=\"async\" srcset=\"https:\/\/mantenimientoslaorquidea.com\/wp-content\/uploads\/2020\/08\/projects-06.jpg , https:\/\/mantenimientoslaorquidea.com\/wp-content\/uploads\/2020\/08\/projects-06.jpg 360w\" src=\"https:\/\/mantenimientoslaorquidea.com\/wp-content\/uploads\/2020\/08\/projects-06.jpg\" alt=\"\" class=\"uag-image-7\" width=\"\" height=\"\" title=\"\" loading=\"lazy\"\/><\/figure><\/div>\n\n\n\n<div class=\"wp-block-uagb-image uagb-block-a89638c8 wp-block-uagb-image--layout-default wp-block-uagb-image--effect-static wp-block-uagb-image--align-none\"><figure class=\"wp-block-uagb-image__figure\"><img decoding=\"async\" srcset=\"https:\/\/mantenimientoslaorquidea.com\/wp-content\/uploads\/2020\/08\/projects-07.jpg , https:\/\/mantenimientoslaorquidea.com\/wp-content\/uploads\/2020\/08\/projects-07.jpg 360w\" src=\"https:\/\/mantenimientoslaorquidea.com\/wp-content\/uploads\/2020\/08\/projects-07.jpg\" alt=\"\" class=\"uag-image-9\" width=\"\" height=\"\" title=\"\" loading=\"lazy\"\/><\/figure><\/div>\n<\/div>\n\n\n\n<div class=\"wp-block-uagb-container uagb-block-7f980862 alignfull uagb-is-root-container\">\n<div class=\"wp-block-uagb-image uagb-block-74dbb28c wp-block-uagb-image--layout-default wp-block-uagb-image--effect-static wp-block-uagb-image--align-none\"><figure class=\"wp-block-uagb-image__figure\"><img decoding=\"async\" srcset=\"https:\/\/mantenimientoslaorquidea.com\/wp-content\/uploads\/2020\/08\/projects-08.jpg , https:\/\/mantenimientoslaorquidea.com\/wp-content\/uploads\/2020\/08\/projects-08.jpg 360w\" src=\"https:\/\/mantenimientoslaorquidea.com\/wp-content\/uploads\/2020\/08\/projects-08.jpg\" alt=\"\" class=\"uag-image-10\" width=\"\" height=\"\" title=\"\" loading=\"lazy\"\/><\/figure><\/div>\n\n\n\n<div class=\"wp-block-uagb-image uagb-block-c91ab369 wp-block-uagb-image--layout-default wp-block-uagb-image--effect-static wp-block-uagb-image--align-none\"><figure class=\"wp-block-uagb-image__figure\"><img decoding=\"async\" srcset=\"https:\/\/mantenimientoslaorquidea.com\/wp-content\/uploads\/2020\/08\/projects-11.jpg , https:\/\/mantenimientoslaorquidea.com\/wp-content\/uploads\/2020\/08\/projects-11.jpg 360w\" src=\"https:\/\/mantenimientoslaorquidea.com\/wp-content\/uploads\/2020\/08\/projects-11.jpg\" alt=\"\" class=\"uag-image-12\" width=\"\" height=\"\" title=\"\" loading=\"lazy\"\/><\/figure><\/div>\n\n\n\n<div class=\"wp-block-uagb-image uagb-block-da57c290 wp-block-uagb-image--layout-default wp-block-uagb-image--effect-static wp-block-uagb-image--align-none\"><figure class=\"wp-block-uagb-image__figure\"><img decoding=\"async\" srcset=\"https:\/\/mantenimientoslaorquidea.com\/wp-content\/uploads\/2020\/08\/projects-06-free-img.jpg , https:\/\/mantenimientoslaorquidea.com\/wp-content\/uploads\/2020\/08\/projects-06-free-img.jpg 360w\" src=\"https:\/\/mantenimientoslaorquidea.com\/wp-content\/uploads\/2020\/08\/projects-06-free-img.jpg\" alt=\"\" class=\"uag-image-8\" width=\"\" height=\"\" title=\"\" loading=\"lazy\"\/><\/figure><\/div>\n<\/div>\n\n\n\n<div class=\"wp-block-uagb-container uagb-block-2f49b050 alignfull uagb-is-root-container\"><div class=\"uagb-container-inner-blocks-wrap\"><\/div><\/div>\n","protected":false},"excerpt":{"rendered":"<p>Mantenimientos la Orqu\u00eddea SAS tiene como misi\u00f3n prestar servicios de excelente calidad en tala de \u00e1rboles, extracci\u00f3n de ra\u00edces, disposici\u00f3n final de Material Vegetal, poda de \u00e1rboles, bloqueo y traslados de \u00c1rboles, paisajismo (jardiner\u00eda y empradizaci\u00f3n) Siembra y mantenimientos de \u00c1rboles y suministro de material vegetal, insumos y materiales;&nbsp;para la ejecuci\u00f3n de proyectos de infraestructura&#8230;<\/p>\n","protected":false},"author":1,"featured_media":0,"parent":0,"menu_order":0,"comment_status":"closed","ping_status":"closed","template":"","meta":{"give_campaign_id":0,"_eb_attr":"","pagelayer_contact_templates":[],"_pagelayer_content":"","_uag_custom_page_level_css":"","footnotes":""},"class_list":["post-360","page","type-page","status-publish","hentry"],"campaignId":"","uagb_featured_image_src":{"full":false,"thumbnail":false,"medium":false,"medium_large":false,"large":false,"1536x1536":false,"2048x2048":false},"uagb_author_info":{"display_name":"comunicaciones","author_link":"https:\/\/mantenimientoslaorquidea.com\/?author=1"},"uagb_comment_info":0,"uagb_excerpt":"Mantenimientos la Orqu\u00eddea SAS tiene como misi\u00f3n prestar servicios de excelente calidad en tala de \u00e1rboles, extracci\u00f3n de ra\u00edces, disposici\u00f3n final de Material Vegetal, poda de \u00e1rboles, bloqueo y traslados de \u00c1rboles, paisajismo (jardiner\u00eda y empradizaci\u00f3n) Siembra y mantenimientos de \u00c1rboles y suministro de material vegetal, insumos y materiales;&nbsp;para la ejecuci\u00f3n de proyectos de infraestructura...","_links":{"self":[{"href":"https:\/\/mantenimientoslaorquidea.com\/index.php?rest_route=\/wp\/v2\/pages\/360","targetHints":{"allow":["GET"]}}],"collection":[{"href":"https:\/\/mantenimientoslaorquidea.com\/index.php?rest_route=\/wp\/v2\/pages"}],"about":[{"href":"https:\/\/mantenimientoslaorquidea.com\/index.php?rest_route=\/wp\/v2\/types\/page"}],"author":[{"embeddable":true,"href":"https:\/\/mantenimientoslaorquidea.com\/index.php?rest_route=\/wp\/v2\/users\/1"}],"replies":[{"embeddable":true,"href":"https:\/\/mantenimientoslaorquidea.com\/index.php?rest_route=%2Fwp%2Fv2%2Fcomments&post=360"}],"version-history":[{"count":4,"href":"https:\/\/mantenimientoslaorquidea.com\/index.php?rest_route=\/wp\/v2\/pages\/360\/revisions"}],"predecessor-version":[{"id":700,"href":"https:\/\/mantenimientoslaorquidea.com\/index.php?rest_route=\/wp\/v2\/pages\/360\/revisions\/700"}],"wp:attachment":[{"href":"https:\/\/mantenimientoslaorquidea.com\/index.php?rest_route=%2Fwp%2Fv2%2Fmedia&parent=360"}],"curies":[{"name":"wp","href":"https:\/\/api.w.org\/{rel}","templated":true}]}}